et w be a(-2). Suppose w*k - 8 + 149 = 0. Let q = k - -87. What is the units digit of q?
0
Suppose 3*j + 2*n - 1536 = 0, 6*n - 8*n = -6. What is the tens digit of j?
1
Suppose 3*v + 0*z - 484 = 5*z, -6*v + 5*z + 943 = 0. What is the units digit of v?
3
Let d = 11 - 11. Suppose -2*u - 278 = -4*k, -k + 2*u + 62 = -d*k. What is the tens digit of k?
7
Let k(p) = p**3 - 3*p**2 + 2*p - 4. Let m be k(3). Suppose m*v - 3 = -f + 9, -4*v = 3*f - 36. Suppose h - 4 = f. What is the tens digit of h?
1
Suppose -23*d = -18*d - 7165. What is the thousands digit of d?
1
What is the hundreds digit of ((-24)/(-5))/((-14)/(-1015))?
3
Suppose -3*w - 12 = 3*g, w = 5*g - 0*w + 14. What is the units digit of (2/g)/(6/(-711))?
9
Let s = 2222 + -1249. What is the tens digit of s?
7
Suppose b - 22 = 2*c - 7, 5*c + 41 = 3*b. Let n(y) = -y**2 + 5*y + 3. Let m be n(b). What is the tens digit of 1/(-1)*(0 + m)?
1
Let t be (2/5)/(2/20). Suppose t*i = -0*i - 216. Let x = 77 + i. What is the units digit of x?
3
Let m(l) = 13*l**3 + l**2 + l - 1. Let d(x) = 2*x - 3. Let j be d(2). Let i be m(j). Suppose 118 = 4*k + 5*p, i = k + 5*p - 8. What is the units digit of k?
2
Suppose 12 = -3*x, 11*q = 9*q - 4*x + 2308. What is the tens digit of q?
6
Let t(f) = 2*f**3 - 7*f**2 + 15*f - 44. What is the tens digit of t(6)?
2
Let g(q) = 85*q + 122. What is the hundreds digit of g(8)?
8
Suppose 3*y - 5*b - 31 = y, 0 = -b - 3. Suppose -y*j = -7*j - 2. Suppose -u = m - 7 + 2, -2*u + j*m - 2 = 0. What is the units digit of u?
2
Suppose j + 0 + 6 = 0. Let b be ((-3)/j)/(3/18). Suppose b*r + 8 = 38. What is the units digit of r?
0
Let c(a) = -12*a + 21*a - 1 + 4*a**2 - 8*a. Let n be c(1). Suppose 3*f - 9 = p + p, 3*p = -n*f + 29. What is the units digit of f?
5
Let q be ((-5)/2 + 2)/((-2)/12). What is the tens digit of (-1)/(q/262)*24/(-16)?
3
What is the hundreds digit of (-8)/6*8697/(-52)?
2
Suppose 0 = -5*m + 2*c + 1480, -2*m + 1177 = 2*m - 3*c. What is the units digit of m?
8
Let n be 11 + (-3)/(6/4). Suppose 2*s + n = -15. Let i(j) = j**2 + 9*j - 7. What is the units digit of i(s)?
9
Let q = 96 - 66. Let b = -28 + q. What is the tens digit of (b - 6 - -3) + 38?
3
What is the hundreds digit of 334/1503 + ((-8827)/(-9) - 0)?
9
Suppose -5*i = -10*i + 4*y + 6456, -2*i + 2582 = -2*y. What is the hundreds digit of i?
2
Suppose -1609 = -4*m - 4*p + 575, 2*m - 3*p - 1067 = 0. What is the units digit of m?
1
Let r = -143 - -156. Suppose -12*q - 67 = -r*q. What is the units digit of q?
7
Suppose -2*z + 10 = -0*z. Suppose z*r + 2 = 6*r. What is the units digit of r?
2
Suppose -100 = 5*i + 70. What is the hundreds digit of (18/4)/((-1)/i)?
1
Suppose -3*v - 11 = -2*s, -2*s - 15 + 2 = 5*v. Suppose 3*f - 13 = 17. Suppose -p = -f - s. What is the tens digit of p?
1
What is the tens digit of (-2)/(57/(-16226)*2/3)?
5
Let m(t) = -t**3 - 4*t**2 - 10*t + 2. What is the units digit of m(-11)?
9
Let r(m) be the second derivative of 31*m**3/6 - m**2/2 - 17*m. Let h = 2 - 1. What is the units digit of r(h)?
0
Let k = -6896 + 11555. What is the hundreds digit of k?
6
Suppose 5*k + 1250 = 4*m, m - 5*k - 172 = 148. What is the units digit of m?
0
Let a(z) = 40*z + 16. Let k be a(11). Let x = k + -312. What is the tens digit of x?
4
Suppose -4*z = -2738 - 814. Suppose 3*b = -4*g + z, 0 = -5*g + 2*b + 150 + 983. What is the units digit of g?
5
Let h be 4/6 - (-4)/(-12)*-4. Suppose -h*s - s = -165. What is the units digit of s?
5
Suppose 3*s + 5*c = 7422, 2*c = 4*c - 6. What is the tens digit of s?
6
Let m be (-4484)/(-22) + (-4)/(-22). Suppose -8*j = -10*j + m. What is the units digit of j?
2
Let i(s) = -82*s**3 - 2*s - 1. Let p be i(-1). Suppose c + 5*x - x - p = 0, -5*c + 367 = -4*x. What is the units digit of c?
5
Let v be (-608)/(-2) - (7 + -7). Suppose 0*l + v = 4*l. Let o = l - 45. What is the tens digit of o?
3
Let h be 1*1*620/4. Suppose 2*j + 90 = 3*j + 3*w, 2*j + w = h. What is the units digit of 1*2*j/10?
5
Let h be 83 + 3 + (-3)/1. Let g = -53 + h. What is the units digit of g?
0
Let c(x) = -9*x. Let d be c(2). Let s = d - -23. Suppose s*y - 68 = -5*b + 2*b, 5*y - 100 = 5*b. What is the tens digit of y?
1
Suppose 0 = -5*p + 3*i - 1690, 2*p = -2*i - 546 - 130. Let y = 525 + p. What is the units digit of y?
7
Let l(n) be the third derivative of -n**6/120 - n**5/4 - 7*n**4/12 + 11*n**3/6 - 11*n**2. Let b be l(-14). Suppose z - 5 = b. What is the units digit of z?
6
Let b = 81 + -132. What is the units digit of (17/b)/(2/(0 - 408))?
8
Suppose 3*i + 17 + 49 = 0. What is the units digit of (-3)/(-1) - (i - 9)?
4
Let k(l) = -6*l**3 + 11*l**2 - l - 11. Let q(v) = v**3 - 1. Let m(u) = -k(u) - 5*q(u). What is the tens digit of m(11)?
2
What is the hundreds digit of -4 - (-486 + (-24)/(-4))?
4
Let p be (1 + 2/6)/((-3)/(-252)). Suppose 70 = 7*a - p. What is the tens digit of a?
2
Let u = -5 + -11. Suppose 4*i + 132 - 52 = 0. Let g = u - i. What is the units digit of g?
4
Suppose 5*k - 6*k = 2. Let s(y) = -y + 2. Let c be s(k). Let l(n) = 7*n - 4. What is the units digit of l(c)?
4
Suppose 3 = -4*u + 15. Suppose -5*l = -5*m + 1500, -u*l = 4*m - 1155 - 66. What is the tens digit of m?
0
What is the tens digit of (-42)/(-18) + (-4034)/(-3)?
4
Let h(b) be the second derivative of -b**4/12 + 2*b**3 + b**2/2 + 2*b. Suppose -x + 5*p = 15, -8 = -4*x + 3*p + 17. What is the units digit of h(x)?
1
Let j(c) = -791*c**3 - c**2 - 3*c - 2. What is the units digit of j(-1)?
1
What is the units digit of 23679/7 + 82/287?
3
Suppose -r + 5*a = -2*r + 111, 0 = 3*r - a - 269. What is the tens digit of r?
9
What is the units digit of 26/39 - (0 - 12524/6)?
8
Let o(x) = -4*x**2 + 3*x - 2. Let z be o(8). Let c = -144 - z. What is the tens digit of c?
9
What is the units digit of (-178080)/(-54) + (-260)/(-36) + -7?
8
What is the hundreds digit of (-8)/(-20) + ((-87147)/(-15))/3?
9
Suppose -12*i = -s - 8*i + 766, 0 = -5*i - 15. What is the hundreds digit of s?
7
Suppose -2*a + 4*g = 18, 20 = -8*g + 3*g. Suppose -2*w + 108 = -2*z, 2*z + 11 = 3. Let q = w + a. What is the units digit of q?
3
Let j(h) be the third derivative of h**5/15 + h**4/24 - h**3/3 + 5*h**2. What is the tens digit of j(2)?
1
Suppose 3467 = 6*m + 47. What is the units digit of m?
0
Let f(p) = p**2 + 2*p - 4 - 5*p - 9*p. Let v be f(10). Let r = 10 - v. What is the tens digit of r?
3
Suppose -4*i - 43 = -5*i. Let m = i + 9. What is the units digit of m?
2
Suppose -4*a - 1689 = -625. What is the units digit of (5/3 - 2) + a/(-6)?
4
Let c = -305 - -322. Let n be -1 + (1 + -3)/2. Let p = c - n. What is the tens digit of p?
1
Suppose 0 = -7*v + 12*v - 5. What is the units digit of (v/(-3))/(7/(-609))?
9
Suppose -8959 = -11*v - 6*v. What is the tens digit of v?
2
Let l be (0 - -2) + -64 + 63. Let r = -67 - -45. What is the tens digit of (-4 - r) + (-3 - l)?
1
Let b be 1/(-3 - 30/(-9)). Let k(g) = -3 + 9*g + 0 + 1 + b. What is the units digit of k(3)?
8
Let v = -21 + 36. Suppose -2*w + 138 = 5*l, -l - v = -3*w + 158. What is the units digit of w?
9
Let k(c) = c**3 + 18*c**2 + 11*c + 43. Let d be k(-18). Let f = d + 386. What is the tens digit of f?
3
Suppose 0 = 3*x - 8 + 2. Suppose -270 = -3*c - x*u, -u = 5*c - 5*u - 450. Let p = -63 + c. What is the tens digit of p?
2
Let w be ((-16)/12)/(2/(-45)). Let m be 4/6*w/(-4). What is the tens digit of 3/m + 73/5?
1
Let h = 453 - 396. Suppose -4*f + 53 = -2*f + 3*j, 52 = 2*f + 4*j. Let p = h - f. What is the tens digit of p?
2
Suppose 0 = -4*k - 36 - 24. Let z = k - -47. What is the tens digit of z?
3
Let q = -897 + 1387. Suppose 7*f + q - 1722 = 0. Suppose -5*c - 137 = -3*k - 20, 2*c + f = 5*k. What is the tens digit of k?
3
Let v(i) = i**3 + 5*i**2 - 17*i - 56. What is the units digit of v(11)?
3
Suppose 654 = 2*g + 120. Let f = 411 - g. What is the hundreds digit of f?
1
Let v(l) = -6*l - 7. Let u be v(-4). Suppose 12*s = u*s - 75. What is the tens digit of s?
1
Suppose 3*l = -l - 5*o + 1149, 860 = 3*l + 2*o. Suppose u - 6 = -2*u, 4*i + u = -l. What is the tens digit of -1 - (-7)/((-28)/i)?
1
Let i be 1444/14 - (-2)/(-14). Suppose -5*h = -3*y - 4*h + i, 5*y + 4*h - 166 = 0. What is the tens digit of y?
3
Suppose -a = 2*m + 3, 3*m + 0*m = -4*a + 3. What is the units digit of 4351/38 + m/(-2)?
6
What is the tens digit of ((-3601)/3